{"id":59,"date":"2020-07-20T15:56:42","date_gmt":"2020-07-20T13:56:42","guid":{"rendered":"https:\/\/www.getup.website\/?page_id=59"},"modified":"2020-07-20T15:56:42","modified_gmt":"2020-07-20T13:56:42","slug":"press","status":"publish","type":"page","link":"https:\/\/benedettaiacaronipsicologa.it\/index.php\/press\/","title":{"rendered":"Psicoterapia Psicodinamica"},"content":{"rendered":"\n<p>La psicoterapia a orientamento psicodinamico trae origine dalla psicoanalisi classica e basa le sue fondamenta sull\u2019esistenza di forze inconsce che, interagendo dinamicamente tra loro, determinano e condizionano il comportamento dell\u2019individuo. Parte fondamentale del lavoro terapeutico consiste proprio nel favorire un recupero di tali elementi inconsci, affinch\u00e9 questi, una volta portati alla coscienza, cessino di condizionare la vita della persona.<\/p>\n\n\n\n<p>La psicoterapia psicodinamica rappresenta un \u201cviaggio\u201d di analisi profonda, attraverso il quale le differenti parti che compongono il S\u00e9 e che appartengono al proprio passato, al proprio presente, ma anche al proprio mondo interno ed esterno, fatto di relazioni, potranno essere scoperte e recuperate.<\/p>\n\n\n\n<p>Secondo la psicoterapia psicodinamica, infatti, le precoci esperienze infantili di S\u00e9 con gli altri (soggetti) significativi, che insieme alle caratteristiche genetiche plasmano la persona adulta, vengono nel tempo assimilate e \u201cinteriorizzate\u201d dall\u2019individuo che, successivamente, andr\u00e0 a riproporle nelle future relazioni affettive adulte. In tal senso, solo recuperando quelle sensazioni e quegli stati affettivi che hanno accompagnato il vissuto di eventi passati, sar\u00e0 possibile bloccare l\u2019effetto condizionante che questi hanno sul presente.<\/p>\n\n\n\n<p>Durante il percorso psicodinamico, la persona ritrova la propria \u201cautenticit\u00e0\u201d. Spesso, tendiamo a nasconderci da noi stessi; vorremmo essere compresi e riconosciuti per ci\u00f2 che siamo, ma temiamo il giudizio negativo che gli altri potrebbero avere se rivelassimo loro le fantasie, le paure e i desideri che ci animano e di cui ci vergogniamo. Il terapeuta si impegna, cos\u00ec, a riconoscere e validare il Vero S\u00e9 dell\u2019altro, individuandone una verit\u00e0 unica e soggettiva. Come scopo finale, la persona potr\u00e0, allora, raggiungere una maggiore accettazione e conoscenza di s\u00e9 stessa e acquisire una pi\u00f9 efficace integrazione tra quelle parti spesso in conflitto tra loro. &nbsp;<\/p>\n\n\n\n<p><\/p>\n","protected":false},"excerpt":{"rendered":"<p>La psicoterapia a orientamento psicodinamico trae origine dalla psicoanalisi classica e basa le sue fondamenta sull\u2019esistenza di forze inconsce che, interagendo dinamicamente tra loro, determinano e condizionano il comportamento dell\u2019individuo. Parte fondamentale del lavoro terapeutico consiste proprio nel favorire un recupero di tali elementi inconsci, affinch\u00e9 questi, una volta portati alla coscienza, cessino di condizionare &hellip; <\/p>\n<p class=\"link-more\"><a href=\"https:\/\/benedettaiacaronipsicologa.it\/index.php\/press\/\" class=\"more-link\">Leggi tutto<span class=\"screen-reader-text\"> &#8220;Psicoterapia Psicodinamica&#8221;<\/span><\/a><\/p>\n","protected":false},"author":1,"featured_media":0,"parent":0,"menu_order":0,"comment_status":"closed","ping_status":"closed","template":"","meta":[],"_links":{"self":[{"href":"https:\/\/benedettaiacaronipsicologa.it\/index.php\/wp-json\/wp\/v2\/pages\/59"}],"collection":[{"href":"https:\/\/benedettaiacaronipsicologa.it\/index.php\/wp-json\/wp\/v2\/pages"}],"about":[{"href":"https:\/\/benedettaiacaronipsicologa.it\/index.php\/wp-json\/wp\/v2\/types\/page"}],"author":[{"embeddable":true,"href":"https:\/\/benedettaiacaronipsicologa.it\/index.php\/wp-json\/wp\/v2\/users\/1"}],"replies":[{"embeddable":true,"href":"https:\/\/benedettaiacaronipsicologa.it\/index.php\/wp-json\/wp\/v2\/comments?post=59"}],"version-history":[{"count":0,"href":"https:\/\/benedettaiacaronipsicologa.it\/index.php\/wp-json\/wp\/v2\/pages\/59\/revisions"}],"wp:attachment":[{"href":"https:\/\/benedettaiacaronipsicologa.it\/index.php\/wp-json\/wp\/v2\/media?parent=59"}],"curies":[{"name":"wp","href":"https:\/\/api.w.org\/{rel}","templated":true}]}}